 a = 1145 - 354. What are the prime factors of a?
7, 113
Suppose -12 = -q - 3*r, 2*r + 0*r = 2*q + 8. Let g = 16 + q. Suppose -2*l - 2*b + 14 = 0, 4*b - 3*b = -2*l + g. What are the prime factors of l?
3
Let h = 13 - 9. Let g be h - 3 - (-2)/(-1). List the prime factors of g/4 - (-205)/4.
3, 17
Suppose -3*w - 4 = -2*w. Let z = w - -10. Suppose 0 = -j + z + 2. What are the prime factors of j?
2
Suppose 0 = -g + 6*g - 3*w - 17203, -5*w + 10315 = 3*g. What are the prime factors of g?
2, 5, 43
Let w = 86 + -93. List the prime factors of (-1790)/15*((-42)/(-4))/w.
179
Let c be 16/10*(-5)/(-30)*15. Suppose -o + 2*y - 7*y = c, 5*y + 40 = 5*o. List the prime factors of o.
2, 3
Let p = 25 - 23. Suppose 2*q + 7 = -3, q = -p*i - 1. List the prime factors of i.
2
Suppose 5268 = 5*r - 772. List the prime factors of r.
2, 151
Let i(m) = -m**3 - 7*m**2 - m - 3. Let q be i(-7). Suppose 19 + 1 = q*l. Suppose l*b - b = 84. What are the prime factors of b?
3, 7
Let k(l) = 4*l + 49. Let o be k(-12). What are the prime factors of 191 + (-1 - o - -3)?
2, 3
Suppose b = -g + 68, 3*b = -0*b - 4*g + 203. Let z = 101 - b. Suppose 3*u - z = 49. What are the prime factors of u?
3
What are the prime factors of (-16)/20 + (-100668)/(-60)?
3, 13, 43
Suppose -q + 4*q + 5*t = 1688, -2*q - 5*t = -1132. Let b = 796 - q. What are the prime factors of b?
2, 3, 5
Suppose -8763 = -27*c + 4*c. List the prime factors of c.
3, 127
Let j be -9 - -5 - 32/(-2). Let p be -7 + j/(-8)*2. What are the prime factors of (-15 - -11)/(2/p)?
2, 5
Let q(i) = 12*i - 1. Let d be q(1). Suppose -2*k = -2*x + 5 + 1, 4*x = 5*k + d. Suppose 2*b = 5*h - 2, 4*b + 0*b + x*h - 52 = 0. List the prime factors of b.
3
Suppose 0 = -2*f - f + 4*p - 1080, 0 = -2*f - p - 731. Let k be 3/(-15) - f/(-5). Let l = 109 + k. What are the prime factors of l?
2, 3
Let g(t) = 9*t + 13. Let v(s) = -10*s - 14. Let w(u) = -5*g(u) - 4*v(u). What are the prime factors of w(-7)?
2, 13
List the prime factors of (-16)/36 - (-129220)/117.
2, 3, 23
Suppose 6225 + 842 = 5*m - 4*i, 5*i - 2807 = -2*m. What are the prime factors of m?
17, 83
Let d(q) = 2*q**3 - 30*q**2 - 4*q + 25. List the prime factors of d(16).
11, 43
Let w = 361 - 24. List the prime factors of w.
337
What are the prime factors of 2 + 0 + ((-634)/(-2) - -1)?
2, 5
What are the prime factors of (4/(-14)*834)/((-6)/21)?
2, 3, 139
Suppose 27*v - 72 = 26*v. List the prime factors of v.
2, 3
Let j(y) be the first derivative of -203*y**4/4 - 4*y**3/3 - 2*y**2 - y - 25. What are the prime factors of j(-1)?
2, 101
Suppose 5*d - 139 + 58 = p, -2*p = -8. Let g = -19 + d. List the prime factors of g/(4/(-3))*14.
3, 7
Let t = -1 + 3. Let v be -1*1*(t + -19). Let m = 4 + v. List the prime factors of m.
3, 7
Let s be -3*((-4)/(-3) + -2). Suppose -4*c + 7 - 17 = -w, s*c + 14 = 5*w. Suppose w*f = 47 + 15. What are the prime factors of f?
31
Suppose -4*q + 8109 = -2287. What are the prime factors of q?
23, 113
Suppose -5*j + 3*q + 508 = -223, -2*j + 4*q + 298 = 0. Let a = -59 + j. What are the prime factors of a?
2, 43
Suppose 2*k = -k + 9. Suppose -k*p + 183 = 3*q, 2*q - 3*q = -4*p + 234. List the prime factors of p.
59
Let g = 211 + 484. List the prime factors of g.
5, 139
Let p(a) be the second derivative of a**5/20 - 7*a**4/12 + 11*a**3/6 + a**2/2 + 5*a. What are the prime factors of p(6)?
31
Let x = -1057 - -1550. List the prime factors of x.
17, 29
Suppose -14*l + 28*l = 1008. List the prime factors of l.
2, 3
Suppose 5 + 30 = 7*t. Suppose -d - t*g = -70, 2*d + 5*g + 47 - 167 = 0. What are the prime factors of d?
2, 5
Let j = -26 + 38. Suppose 0 = 9*r - j - 708. List the prime factors of r.
2, 5
Let w(u) = -u**3 + 34*u**2 - 32*u + 13. What are the prime factors of w(32)?
17, 61
Suppose 65 = -4*a - 5*r, 3*a + 3 = 5*r - 2. Suppose 4*h - 11*v = -15*v - 28, -2*h + v = -1. What are the prime factors of h/a + (-162)/(-15)?
11
Let x(k) be the second derivative of k**4/6 - 5*k**3/3 + 9*k**2/2 + 10*k. Let w(i) = 6*i. Let n be w(1). List the prime factors of x(n).
3, 7
Suppose 0*r + 3*z = -5*r + 196, 2*r - 91 = 3*z. Let i(y) = -y**2 + 6*y - 22. Let h be i(7). Let t = h + r. What are the prime factors of t?
2, 3
Suppose 0 = 12*w - 1507 - 2117. List the prime factors of w.
2, 151
Let z be (-2)/5 + 164/10. Suppose -x + 3*m = z - 3, -x + m = 7. List the prime factors of x/((-3)/((-15)/(-2))).
2, 5
Let r be 14/8 + (-1)/(-4). Suppose l = 3*k - 59, -k + 51 = r*k + 3*l. List the prime factors of k.
19
Let s be 2/7 - 16/56. Suppose 5*h - 460 + 130 = s. What are the prime factors of h?
2, 3, 11
Let r = -20 + 24. Let h(f) = 15*f - 6. What are the prime factors of h(r)?
2, 3
List the prime factors of 1/3*(1426 - -5).
3, 53
Let i = -539 - -1021. What are the prime factors of i?
2, 241
Suppose 3*y + 4*x - 430 = 0, -9*y + 736 = -4*y - 3*x. Suppose 2*r - y = 6*s - 4*s, 2*r - 4*s - 156 = 0. Suppose 2*o - r = 10. What are the prime factors of o?
3, 13
Let u = 162 + -135. What are the prime factors of u?
3
Suppose -657 - 491 = -14*n. Suppose -12*y + 10*y = -n. What are the prime factors of y?
41
Suppose 0*l - 9690 = -10*l. What are the prime factors of l?
3, 17, 19
Suppose 2*s = -4*h + 2054, 0 = -2*h + s - 564 + 1581. What are the prime factors of h?
7, 73
Let f = -41 - -52. Suppose -15 = 5*s, -2*s = -2*u + 199 - f. What are the prime factors of u?
7, 13
Let o = 149 - 81. What are the prime factors of o?
2, 17
Let h(o) = 0*o**3 + 2*o**2 + 20 - o**2 - o - o**3 + 0*o**3. Suppose 5*d - 2*j - 9 = j, -5*d - 4*j = 12. What are the prime factors of h(d)?
2, 5
Suppose -k + 1 = 4, i = -5*k - 22. Let s be -14*i*3/6. Let q = s + -27. List the prime factors of q.
2, 11
Let a = 3225 + -624. What are the prime factors of a?
3, 17
Let r = 329 + -615. What are the prime factors of r/(-1) + (-5)/1?
281
Let w = 48 - -78. Let n = w - 67. List the prime factors of n.
59
Suppose a + 5*t = 6, 2*t = 3*a - 3 - 15. Suppose 5*z - a*z = -63. List the prime factors of z.
3, 7
List the prime factors of -5 - 129*(-44)/33.
167
List the prime factors of -5 + 253 - (1 - 5).
2, 3, 7
Suppose 0 = -9*w - 4*w - 52. Suppose 2*r + 2*r = -4*m - 4, -3*m - 1 = 2*r. What are the prime factors of (-14)/r - (w - 0)?
11
Let v be (3/(-6))/((-5)/50). Let d(r) = 4*r**2 - r + 3*r - 1 - 2*r**2 - v*r. What are the prime factors of d(3)?
2
Let c be 7/((-21)/(-9)) - -81. Let w = -45 + c. List the prime factors of w.
3, 13
Let g(d) = 2*d + 1. Let q be g(-2). Let i(r) be the third derivative of -r**6/120 + r**5/30 - r**4/6 - r**3/3 - 12*r**2. What are the prime factors of i(q)?
5, 11
Let h = -66 + 69. Suppose -3*w + 157 = h*b + 2*w, -b - w = -55. What are the prime factors of b?
59
List the prime factors of -12*(-2 + -3)*3751/44.
3, 5, 11, 31
Let p(y) = 8*y**2 + 3*y + 2. Let n be p(-1). Suppose 4*o = -o + 35. Suppose r - n = o. List the prime factors of r.
2, 7
Let a be 4/(-2) + 1 + -6. Let c(i) = -2*i - 6. What are the prime factors of c(a)?
2
Suppose 0 = 23*l + 6787 - 62424. List the prime factors of l.
41, 59
Let q(h) = -222*h**3 - h**2 + 3*h + 7. What are the prime factors of q(-2)?
3, 197
Suppose -901 = -5*m - 4*u - 189, -278 = -2*m - 5*u. List the prime factors of m.
2, 3
Let h(b) = -2*b**2 - 5*b. Let k(m) = m**2 + 4*m + 1. Let u(r) = -5*h(r) - 6*k(r). Let o be u(-5). Let g = o + -22. List the prime factors of g.
67
Let o(a) = 293*a**2 + a + 8. What are the prime factors of o(3)?
2, 331
Let n(i) = -7*i + 7. Let k be n(-11). Suppose -5*a = o - 48, 5*o - 2*a - k = 237. What are the prime factors of o?
3, 7
Let n be 3/(-12)*2*-2. Suppose 7*r - n = 6*r. Let o(y) = 36*y**2 - 1. What are the prime factors of o(r)?
5, 7
Let r(o) = -o - 5. Suppose 7*a - 4*m = 2*a - 47, 3*m = 3*a + 30. Let g be r(a). Suppose g*i - 90 = -0*i. What are the prime factors of i?
3, 5
Suppose -3*m + 2 = -2*m. Let j be m/((-3)/(7 + -1)). Let h(o) = 2*o**2 + 4*o + 4. List the prime factors of h(j).
2, 5
Let o(c) = c**3 - c**2 + 6*c - 15. Let n be o(2). Suppose -3*w + 6*w - 417 = 3*f, 392 = 3*w + 2*f. What are the prime factors of 1 - w*n/(-2)?
2, 17
Let t = -10 + 39. Suppose 4*d + 6*k - t = 3*k, -d - 1 = -2*k. List the prime factors of d.
5
Let j(d) = 5*d - 14. Let k be j(9). Suppose b = -5*q + 39, 0*q + 3*q = -b + k. List the prime factors of b.
19
Let k be (-1)/(74/(-72) - -1). Suppose 